{"id":157,"date":"2019-03-18T19:45:49","date_gmt":"2019-03-18T19:45:49","guid":{"rendered":"http:\/\/technical-publishing.de\/?page_id=157"},"modified":"2025-06-13T20:15:45","modified_gmt":"2025-06-13T18:15:45","slug":"hestia-front","status":"publish","type":"page","link":"https:\/\/technical-publishing.de\/","title":{"rendered":"Was findest Du hier?"},"content":{"rendered":"<p><img loading=\"lazy\" decoding=\"async\" class=\"alignnone wp-image-265 size-large\" src=\"http:\/\/technical-publishing.de\/wp-content\/uploads\/2019\/04\/1073_0-700x511.jpg\" alt=\"\" width=\"700\" height=\"511\" srcset=\"https:\/\/technical-publishing.de\/wp-content\/uploads\/2019\/04\/1073_0-700x511.jpg 700w, https:\/\/technical-publishing.de\/wp-content\/uploads\/2019\/04\/1073_0-300x219.jpg 300w, https:\/\/technical-publishing.de\/wp-content\/uploads\/2019\/04\/1073_0-768x561.jpg 768w\" sizes=\"auto, (max-width: 700px) 100vw, 700px\" \/><\/p>\n<h4>Auf dieser Seite findest Du Hintergrundinformationen zu meinen Lehrg\u00e4ngen und viele n\u00fctzliche Tipps und Tricks rund um den Bereich Mikrocontroller, Programmierung und Elektronik. Vieles ist noch im Aufbau und wird sich im Laufe der Zeit \u00e4ndern, falls Du Anregungen daf\u00fcr hast, melde Dich bitte bei mir.<\/h4>\n<h4>Ich freue mich auf Deine R\u00fcckmeldungen!<\/h4>\n<h4>&nbsp;<\/h4>\n","protected":false},"excerpt":{"rendered":"<p>Auf dieser Seite findest Du Hintergrundinformationen zu meinen Lehrg\u00e4ngen und viele n\u00fctzliche Tipps und Tricks rund um den Bereich Mikrocontroller, Programmierung und Elektronik. Vieles ist noch im Aufbau und wird sich im Laufe der Zeit \u00e4ndern, falls Du Anregungen daf\u00fcr hast, melde Dich bitte bei mir. Ich freue mich auf Deine R\u00fcckmeldungen! &nbsp;<\/p>\n","protected":false},"author":1,"featured_media":0,"parent":0,"menu_order":0,"comment_status":"closed","ping_status":"closed","template":"","meta":{"neve_meta_sidebar":"","neve_meta_container":"","neve_meta_enable_content_width":"","neve_meta_content_width":70,"neve_meta_title_alignment":"","neve_meta_author_avatar":"","neve_post_elements_order":"","neve_meta_disable_header":"","neve_meta_disable_footer":"","neve_meta_disable_title":"","_themeisle_gutenberg_block_has_review":false,"footnotes":""},"class_list":["post-157","page","type-page","status-publish","hentry"],"_links":{"self":[{"href":"https:\/\/technical-publishing.de\/index.php?rest_route=\/wp\/v2\/pages\/157","targetHints":{"allow":["GET"]}}],"collection":[{"href":"https:\/\/technical-publishing.de\/index.php?rest_route=\/wp\/v2\/pages"}],"about":[{"href":"https:\/\/technical-publishing.de\/index.php?rest_route=\/wp\/v2\/types\/page"}],"author":[{"embeddable":true,"href":"https:\/\/technical-publishing.de\/index.php?rest_route=\/wp\/v2\/users\/1"}],"replies":[{"embeddable":true,"href":"https:\/\/technical-publishing.de\/index.php?rest_route=%2Fwp%2Fv2%2Fcomments&post=157"}],"version-history":[{"count":10,"href":"https:\/\/technical-publishing.de\/index.php?rest_route=\/wp\/v2\/pages\/157\/revisions"}],"predecessor-version":[{"id":1399,"href":"https:\/\/technical-publishing.de\/index.php?rest_route=\/wp\/v2\/pages\/157\/revisions\/1399"}],"wp:attachment":[{"href":"https:\/\/technical-publishing.de\/index.php?rest_route=%2Fwp%2Fv2%2Fmedia&parent=157"}],"curies":[{"name":"wp","href":"https:\/\/api.w.org\/{rel}","templated":true}]}}